4 and 34?
34
Calculate the highest common factor of 8 and 24.
8
What is the greatest common factor of 27328 and 4?
4
Calculate the greatest common factor of 32 and 27.
1
What is the greatest common divisor of 151 and 4681?
151
Calculate the greatest common divisor of 48 and 72.
24
What is the greatest common divisor of 12 and 384?
12
What is the highest common factor of 160 and 420?
20
Calculate the highest common factor of 153 and 1251.
9
What is the highest common factor of 27 and 1?
1
Calculate the greatest common divisor of 7 and 1.
1
What is the greatest common divisor of 36 and 477?
9
Calculate the highest common divisor of 244 and 732.
244
What is the greatest common divisor of 686 and 14?
14
Calculate the greatest common factor of 8 and 5.
1
What is the greatest common factor of 30 and 2270?
10
What is the greatest common factor of 714 and 102?
102
What is the greatest common factor of 1298 and 528?
22
What is the greatest common factor of 196 and 296?
4
Calculate the highest common divisor of 408 and 24.
24
What is the greatest common divisor of 1179 and 18?
9
What is the greatest common factor of 2775 and 100?
25
What is the highest common factor of 1275 and 75?
75
What is the greatest common divisor of 28 and 518?
14
Calculate the highest common divisor of 84 and 3164.
28
What is the greatest common factor of 3783 and 78?
39
What is the highest common divisor of 38 and 7334?
38
What is the highest common factor of 39858 and 91?
91
What is the highest common divisor of 6 and 66?
6
What is the highest common divisor of 259 and 14?
7
What is the greatest common factor of 374 and 88?
22
Calculate the highest common divisor of 144 and 2412.
36
What is the highest common factor of 308 and 21406?
154
What is the greatest common divisor of 1870 and 198?
22
What is the greatest common divisor of 2142 and 408?
102
What is the highest common divisor of 20 and 395?
5
What is the highest common factor of 10 and 6230?
10
What is the highest common factor of 11600 and 20?
20
What is the highest common factor of 24 and 21?
3
What is the greatest common factor of 35 and 2240?
35
Calculate the highest common factor of 671 and 61.
61
Calculate the highest common divisor of 50 and 1270.
10
Calculate the highest common divisor of 156 and 6.
6
Calculate the greatest common factor of 2288 and 78.
26
What is the highest common divisor of 228 and 12?
12
Calculate the greatest common factor of 448 and 14.
14
Calculate the greatest common factor of 7936 and 1024.
256
Calculate the highest common divisor of 136 and 1156.
68
What is the highest common factor of 108 and 2556?
36
What is the greatest common divisor of 731 and 43?
43
What is the greatest common factor of 405 and 285?
15
Calculate the greatest common divisor of 12 and 354.
6
What is the highest common divisor of 902 and 656?
82
What is the greatest common factor of 462 and 42?
42
Calculate the greatest common factor of 27 and 90.
9
Calculate the greatest common factor of 45 and 240.
15
What is the highest common factor of 64 and 108?
4
Calculate the highest common factor of 680 and 120.
40
Calculate the greatest common divisor of 1458 and 24.
6
What is the greatest common factor of 35 and 1295?
35
Calculate the highest common factor of 1380 and 60.
60
What is the greatest common divisor of 37 and 629?
37
Calculate the greatest common divisor of 331 and 51967.
331
What is the greatest common divisor of 144 and 1808?
16
Calculate the highest common factor of 116 and 2552.
116
What is the highest common factor of 1625 and 156?
13
What is the highest common factor of 603 and 36?
9
Calculate the highest common factor of 27 and 675.
27
What is the greatest common divisor of 8748 and 12?
12
What is the highest common divisor of 171 and 380?
19
What is the greatest common divisor of 24 and 2100?
12
Calculate the highest common divisor of 325 and 6775.
25
What is the highest common factor of 182 and 70?
14
What is the highest common factor of 2 and 2?
2
Calculate the highest common factor of 91 and 26.
13
Calculate the greatest common factor of 18 and 603.
9
Calculate the highest common factor of 9797 and 97.
97
Calculate the highest common divisor of 2275 and 182.
91
Calculate the greatest common factor of 11 and 220.
11
What is the highest common factor of 377 and 29?
29
Calculate the highest common factor of 72 and 16.
8
Calculate the greatest common divisor of 209 and 22.
11
What is the greatest common factor of 16 and 1520?
16
Calculate the greatest common factor of 52 and 2236.
52
What is the greatest common divisor of 37 and 25049?
37
Calculate the greatest common factor of 4956 and 60.
12
What is the greatest common divisor of 1648 and 2?
2
What is the highest common factor of 1776 and 30?
6
Calculate the highest common factor of 147 and 21.
21
Calculate the highest common divisor of 2528 and 128.
32
What is the greatest common factor of 33 and 18?
3
What is the greatest common factor of 172 and 2322?
86
Calculate the highest common divisor of 780 and 120.
60
What is the greatest common factor of 85 and 255?
85
What is the highest common divisor of 32 and 2152?
8
What is the highest common divisor of 568 and 88?
8
Calculate the greatest common factor of 17 and 1819.
17
Calculate the highest common factor of 933 and 3.
3
What is the highest common divisor of 1408 and 592?
16
What is the greatest common divisor of 129 and 3?
3
Calculate the greatest common divisor of 10 and 290.
10
Calculate the greatest common factor of 182 and 6986.
14
Calculate the highest common divisor of 5 and 185.
5
Calculate the greatest common factor of 3 and 8.
1
What is the highest common factor of 25552 and 16?
16
What is the highest common divisor of 364 and 52?
52
What is the greatest common divisor of 3570 and 6090?
210
What is the greatest common divisor of 1050 and 84?
42
What is the greatest common divisor of 45 and 195?
15
Calculate the greatest common factor of 1336 and 8.
8
Calculate the greatest common divisor of 1494 and 27.
9
What is the highest common factor of 14 and 59794?
14
What is the greatest common divisor of 20933 and 173?
173
Calculate the highest common factor of 15 and 6.
3
What is the highest common factor of 11 and 77?
11
Calculate the highest common factor of 13 and 117.
13
What is the highest common factor of 1107 and 81?
27
What is the greatest common divisor of 13 and 3250?
13
Calculate the greatest common divisor of 50 and 130.
10
Calculate the highest common divisor of 348 and 1624.
116
Calculate the highest common factor of 170 and 3655.
85
Calculate the highest common factor of 21 and 567.
21
Calculate the highest common divisor of 270 and 486.
54
Calculate the greatest common divisor of 13034 and 76.
38
What is the greatest common divisor of 1428 and 24?
12
Calculate the highest common divisor of 5 and 65.
5
What is the greatest common divisor of 3993 and 165?
33
What is the greatest common factor of 252 and 8001?
63
Calculate the highest common factor of 48 and 1272.
24
Calculate the highest common divisor of 208 and 221.
13
What is the highest common factor of 38 and 589?
19
Calculate the greatest common divisor of 201 and 4087.
67
What is the highest common divisor of 70 and 14?
14
What is the highest common factor of 187 and 1375?
11
Calculate the highest common factor of 12 and 588.
12
What is the greatest common divisor of 146 and 2701?
73
What is the highest common factor of 72 and 1008?
72
What is the highest common divisor of 16 and 22832?
16
Calculate the highest common factor of 56 and 21.
7
Calculate the greatest common factor of 42 and 658.
14
What is the greatest common factor of 8437 and 143?
143
Calculate the greatest common factor of 6 and 20598.
6
What is the greatest common factor of 30 and 320?
10
Calculate the greatest common divisor of 10794 and 168.
42
Calculate the greatest common factor of 62 and 25079.
31
What is the greatest common divisor of 273 and 2625?
21
Calculate the greatest common factor of 48 and 5580.
12
What is the highest common divisor of 117 and 45?
9
What is the highest common factor of 2870 and 210?
70
What is the highest common factor of 533 and 208?
13
Calculate the greatest common factor of 448 and 14.
14
What is the highest common diviso